base 4.
-1221231330
What is 5302112 (base 7) in base 10?
639410
What is 20a1a5 (base 13) in base 12?
30a764
Convert 1133222 (base 7) to base 8.
426722
Convert -112333010 (base 4) to base 2.
-10110111111000100
What is -100000011101101001 (base 2) in base 3?
-20202101210
-210526 (base 7) to base 15
-ab3a
1317021 (base 8) to base 16
59e11
What is 2a5b35 (base 12) in base 7?
6036251
-504512 (base 6) to base 8
-115774
-647266 (base 8) to base 12
-a5532
What is 122103312 (base 4) in base 8?
322366
-2100425 (base 6) to base 7
-601121
Convert 112101111022211 (base 3) to base 7.
121665433
-1626624 (base 7) to base 14
-5c34b
What is 155a2c (base 13) in base 8?
2004733
What is -45708 (base 14) in base 13?
-5ba7b
What is 3ad66 (base 14) in base 9?
241313
Convert 16614a (base 14) to base 16.
bfa96
What is -949264 (base 11) in base 6?
-52330254
Convert 13137050 (base 9) to base 14.
c02924
Convert 11120111102111 (base 3) to base 15.
330381
1130544 (base 9) to base 2
10010101000100111010
Convert -360c08 (base 15) to base 8.
-11670007
-41315114 (base 6) to base 4
-10203003112
Convert -577946 (base 10) to base 13.
-1730a5
What is 102103434 (base 5) in base 15?
86114
Convert 6441014 (base 9) to base 5.
1340424303
What is -13b7b7 (base 12) in base 11?
-206917
Convert 30112e (base 15) to base 13.
61b779
What is -1012110202200 (base 3) in base 16?
-9c0ba
5332886 (base 10) to base 12
19521b2
Convert -1001010111111011001 (base 2) to base 9.
-517310
11101001101110010 (base 2) to base 11
819a8
-31700175 (base 8) to base 4
-121320001331
181a40a (base 12) to base 5
2240441432
What is -851346 (base 11) in base 14?
-276bc9
3983287 (base 10) to base 9
7441034
-604424 (base 7) to base 5
-11234203
-7193172 (base 10) to base 3
-111112110011210
Convert 11101100101000010 (base 2) to base 10.
121154
What is 2211211021121 (base 3) in base 11?
943113
Convert 1001110001011110001110 (base 2) to base 12.
a36726
14666 (base 10) to base 14
54b8
-172750 (base 10) to base 11
-108876
-130232320 (base 4) to base 7
-1000054
Convert -34727 (base 12) to base 8.
-211017
What is -2257725 (base 8) in base 10?
-614357
7a334c (base 14) to base 8
17670570
-12200462 (base 7) to base 2
-100001010110001010111
-233323112 (base 4) to base 11
-124544
-931723 (base 10) to base 6
-31545311
Convert -400200120 (base 5) to base 16.
-17f011
33403402 (base 5) to base 14
79323
Convert d622b (base 14) to base 4.
1332003033
Convert -6eda99 (base 16) to base 2.
-11011101101101010011001
Convert -2576570 (base 8) to base 10.
-720248
-5725412 (base 8) to base 3
-2220210201200
-311213 (base 5) to base 6
-115051
10311266 (base 9) to base 12
17b6950
What is 1442b48 (base 14) in base 10?
9842204
Convert -1425136 (base 8) to base 2.
-1100010101001011110
What is 164506 (base 8) in base 4?
32211012
Convert 16885 (base 9) to base 2.
10110110001100
What is -645401 (base 8) in base 15?
-43e24
-67770 (base 8) to base 12
-14708
What is -12135215 (base 7) in base 16?
-108d04
What is -242a09 (base 13) in base 4?
-3102223023
What is -12551535 (base 6) in base 4?
-1212103103
-566655 (base 7) to base 13
-36b85
7133561 (base 8) to base 10
1881969
Convert -311224 (base 6) to base 13.
-b467
-89147 (base 13) to base 10
-248489
What is -3e2704 (base 16) in base 4?
-33202130010
Convert 774673 (base 8) to base 4.
333212323
What is 233054 (base 10) in base 11?
14a108
Convert -414a10 (base 14) to base 4.
-20121300212
cb80b (base 13) to base 9
621140
-ec76 (base 16) to base 10
-60534
Convert -76940 (base 10) to base 13.
-29036
2745c (base 16) to base 14
428a0
Convert 48303 (base 11) to base 13.
25892
-14ac93 (base 16) to base 4
-11022302103
Convert 75375 (base 9) to base 5.
3044013
Convert -31134110 (base 6) to base 2.
-11011011011111011010
What is 53b17 (base 12) in base 16?
1af83
What is 2918002 (base 11) in base 13?
1068c72
What is 88b15 (base 13) in base 3?
110121010000
Convert 36870 (base 9) to base 3.
1020222100
Convert -112320001301 (base 4) to base 7.
-101653652
1130116 (base 7) to base 16
22999
Convert -4542334 (base 8) to base 11.
-770172
-103314403 (base 5) to base 4
-1231121213
Convert 7515d (base 15) to base 8.
1325553
Convert 29421a (base 15) to base 3.
10202000111121
15104335 (base 6) to base 9
875025
Convert 540390 (base 15) to base 5.
2011001220
-45073 (base 9) to base 6
-350403
Convert -2222210012 (base 3) to base 14.
-17668
-d9c00 (base 14) to base 5
-113321311
Convert -1220222 (base 3) to base 15.
-638
What is 2145403 (base 6) in base 3?
12110110110
What is -5563227 (base 8) in base 14?
-2b0d39
Convert 277854 (base 9) to base 13.
5c3b6
Convert -11210112120 (base 3) to base 9.
-153476
-250112330 (base 6) to base 8
-22141436
-1346612 (base 8) to base 7
-3142512
What is 369d9 (base 15) in base 11?
109aa4
Convert -112012222222 (base 3) to base 5.
-32424220
What is 77204 (base 16) in base 3?
220210022212
Convert -2e684 (base 16) to base 14.
-4d3b6
1001010011010101111 (base 2) to base 5
34223230
What is -1110011110100001111111 (base 2) in base 12?
-133027b
-175186 (base 14) to base 7
-6655626
Convert 5371c (base 16) to base 13.
bc755
-c821 (base 15) to base 11
-29893
What is -11010010000001111101 (base 2) in base 7?
-10212056
Convert -42a5 (base 12) to base 3.
-101001022
Convert 5252465 (base 7) to base 15.
c8148
What is 51734 (base 11) in base 14?
1d6b2
Convert 146487 (base 9) to base 5.
10340240
Convert 350782 (base 11) to base 4.
2020003233
Convert -1343200 (base 9) to base 16.
-b3f9d
What is -133871 (base 12) in base 9?
-533424
-25205 (base 7) to base 14
-25ac
What is 23ac35 (base 14) in base 5?
303030420
-4312114 (base 5) to base 10
-72784
Convert -3012717 (base 8) to base 5.
-200321030
Convert -4100110 (base 5) to base 6.
-1223543
Convert -1110011011111100100001 (base 2) to base 10.
-3784481
Convert -16967 (base 14) to base 11.
-39698
Convert 23cbea (base 16) to base 15.
315177
What is 27cc28 (base 13) in base 7?
11152504
a8ec68 (base 15) to base 14
10d7342
What is -221002113 (base 4) in base 15?
-34c0c
Convert -145173 (base 14) to base 9.
-1284684
What is -13011101032 (base 4) in base 2?
-111000101010001001110
What is -2443014 (base 5) in base 16?
-b62a
What is -2201033 (base 5) in base 14?
-da0b
Convert 3312020333 (base 4) to base 15.
14dacb
Convert 1572551 (base 8) to base 7.
3606365
Convert 122222120021111 (base 3) to base 9.
18876244
Convert 305343 (base 6) to base 9.
36600
Convert -177373 (base 9) to base 15.
-22a93
Convert -1120220011101 (base 3) to base 10.
-844300
What is -145530001 (base 6) in base 10?
-3075409
What is 109038 (base 11) in base 15?
36431
What is b3167 (base 13) in base 11?
1aa203
252104004 (base 6) to base 4
102202233010
1103342422 (base 5) to base 13
661917
What is 18b982 (base 15) in base 9?
2234075
What is 163637 (base 9) in base 11?
69a7a
What is -1a949 (base 12) in base 14?
-104c1
What is 14606434 (base 7) in base 6?
45540444
-60906 (base 12) to base 16
-1eb16
153166216 (base 7) to base 4
213023002231
Convert 10111010011110100 (base 2) to base 12.
47304
What is 2065614 (base 7) in base 3?
110210022010
5b3ea (base 15) to base 4
1013011021
7624e0 (base 16) to base 10
7742688
Convert 81a884 (base 13) to base 15.
3ea790
What is 3652146 (base 10) in base 9?
6775720
Convert 40123023 (base 5) to base 15.
6400d
Convert 10254414 (base 7) to base 16.
d4955
3b98535 (base 12) to base 16
b585f9
What is -319bc0 (base 13) in base 7?
-12616152
-1024057 (base 10) to base 11
-63a431
-100100100110011100 (base 2) to base 6
-3114020
What is -5aa38b (base 12) in base 2?
-101100110101110011011
Convert 24412233 (base 5) to base 2.
111000101100000001
-10100100010101101 (base 2) to base 10
-84141
Convert -2511201 (base 7) to base 10.
-322176
Convert -212569 (base 11) to base 10.
-340085
Convert -121324051 (base 6) to base 14.
-442cb5
Convert -65480 (base 12) to base 6.
-2511040
What is 3837547 (base 11) in base 2?
11001011001001111011011
Convert 83871 (base 16) to base 14.
100493
323401 (base 5) to base 16
2b5d
Convert -1142325042 (base 6) to base 3.
-220110100001222
What is -100000122011 (base 3) in base 11?
-111494
Convert -1399599 (base 12) to base 11.
-2248881
Convert 415130 (base 7) to base 8.
213366
3130545 (base 6) to base 10
151841
-41714 (base 11) to base 12
-2b1b1
Convert -2116135 (base 7) to base 4.
-3322